{"id":64,"date":"2016-10-15T20:37:29","date_gmt":"2016-10-15T18:37:29","guid":{"rendered":"http:\/\/www.camus67.fr\/site\/?page_id=64"},"modified":"2024-01-06T12:15:39","modified_gmt":"2024-01-06T11:15:39","slug":"urgences","status":"publish","type":"page","link":"http:\/\/www.camus67.fr\/site\/urgences\/","title":{"rendered":"Que faire en cas d&rsquo;urgence?"},"content":{"rendered":"<h1>En cas d&rsquo;urgence, il est possible de contacter:<\/h1>\n<p><strong>SAMU<\/strong> : 24h\/24h &#8211; 7j\/7 Service d&rsquo;Aide M\u00e9dicale Urgente &#8211;<br \/>\nComposer le : <strong>15<\/strong> (Ils se d\u00e9placent)<\/p>\n<p><strong>URGENCES PSYCHIATRIQUES<\/strong> : 24h\/24h, 7j\/7, sans rendez-vous<br \/>\nH\u00f4pital Civil de Strasbourg &#8211;<a href=\"https:\/\/www.chru-strasbourg.fr\/hopital\/hopital-civil\/\">B\u00e2timent de psychiatrie<\/a><br \/>\nT\u00e9l : <strong>03 88 11 66 48<\/strong><\/p>\n<p><strong>3114:<\/strong> num\u00e9ro national de pr\u00e9vention du suicide. Ligne d&rsquo;\u00e9coute d\u00e9di\u00e9e 24h\/24, 7j\/7 &#8211;\u00a0 <a href=\"https:\/\/3114.fr\/\">https:\/\/3114.fr\/<\/a><\/p>\n","protected":false},"excerpt":{"rendered":"<p>En cas d&rsquo;urgence, il est possible de contacter: SAMU : 24h\/24h &#8211; 7j\/7 Service d&rsquo;Aide M\u00e9dicale Urgente &#8211; Composer le : 15 (Ils se d\u00e9placent) URGENCES PSYCHIATRIQUES : 24h\/24h, 7j\/7, sans rendez-vous H\u00f4pital Civil de Strasbourg &#8211;B\u00e2timent de psychiatrie T\u00e9l&hellip; <a href=\"http:\/\/www.camus67.fr\/site\/urgences\/\" class=\"more-link\">Continuer la lecture <span class=\"meta-nav\">&rarr;<\/span><\/a><\/p>\n","protected":false},"author":1,"featured_media":0,"parent":0,"menu_order":0,"comment_status":"closed","ping_status":"closed","template":"","meta":{"footnotes":""},"class_list":["post-64","page","type-page","status-publish","hentry"],"yoast_head":"<!-- This site is optimized with the Yoast SEO plugin v26.1.1 - https:\/\/yoast.com\/wordpress\/plugins\/seo\/ -->\n<title>Que faire en cas d&#039;urgence? - CAMUS 67<\/title>\n<meta name=\"robots\" content=\"index, follow, max-snippet:-1, max-image-preview:large, max-video-preview:-1\" \/>\n<link rel=\"canonical\" href=\"http:\/\/www.camus67.fr\/site\/urgences\/\" \/>\n<meta property=\"og:locale\" content=\"fr_FR\" \/>\n<meta property=\"og:type\" content=\"article\" \/>\n<meta property=\"og:title\" content=\"Que faire en cas d&#039;urgence? - CAMUS 67\" \/>\n<meta property=\"og:description\" content=\"En cas d&rsquo;urgence, il est possible de contacter: SAMU : 24h\/24h &#8211; 7j\/7 Service d&rsquo;Aide M\u00e9dicale Urgente &#8211; Composer le : 15 (Ils se d\u00e9placent) URGENCES PSYCHIATRIQUES : 24h\/24h, 7j\/7, sans rendez-vous H\u00f4pital Civil de Strasbourg &#8211;B\u00e2timent de psychiatrie T\u00e9l&hellip; Continuer la lecture &rarr;\" \/>\n<meta property=\"og:url\" content=\"http:\/\/www.camus67.fr\/site\/urgences\/\" \/>\n<meta property=\"og:site_name\" content=\"CAMUS 67\" \/>\n<meta property=\"article:modified_time\" content=\"2024-01-06T11:15:39+00:00\" \/>\n<meta name=\"twitter:card\" content=\"summary_large_image\" \/>\n<script type=\"application\/ld+json\" class=\"yoast-schema-graph\">{\"@context\":\"https:\/\/schema.org\",\"@graph\":[{\"@type\":\"WebPage\",\"@id\":\"http:\/\/www.camus67.fr\/site\/urgences\/\",\"url\":\"http:\/\/www.camus67.fr\/site\/urgences\/\",\"name\":\"Que faire en cas d'urgence? - CAMUS 67\",\"isPartOf\":{\"@id\":\"http:\/\/www.camus67.fr\/site\/#website\"},\"datePublished\":\"2016-10-15T18:37:29+00:00\",\"dateModified\":\"2024-01-06T11:15:39+00:00\",\"breadcrumb\":{\"@id\":\"http:\/\/www.camus67.fr\/site\/urgences\/#breadcrumb\"},\"inLanguage\":\"fr-FR\",\"potentialAction\":[{\"@type\":\"ReadAction\",\"target\":[\"http:\/\/www.camus67.fr\/site\/urgences\/\"]}]},{\"@type\":\"BreadcrumbList\",\"@id\":\"http:\/\/www.camus67.fr\/site\/urgences\/#breadcrumb\",\"itemListElement\":[{\"@type\":\"ListItem\",\"position\":1,\"name\":\"Accueil\",\"item\":\"http:\/\/www.camus67.fr\/site\/\"},{\"@type\":\"ListItem\",\"position\":2,\"name\":\"Que faire en cas d&rsquo;urgence?\"}]},{\"@type\":\"WebSite\",\"@id\":\"http:\/\/www.camus67.fr\/site\/#website\",\"url\":\"http:\/\/www.camus67.fr\/site\/\",\"name\":\"CAMUS 67\",\"description\":\"Centre d&#039;Accueil M\u00e9dico-psychologique Universitaire de Strasbourg\",\"potentialAction\":[{\"@type\":\"SearchAction\",\"target\":{\"@type\":\"EntryPoint\",\"urlTemplate\":\"http:\/\/www.camus67.fr\/site\/?s={search_term_string}\"},\"query-input\":{\"@type\":\"PropertyValueSpecification\",\"valueRequired\":true,\"valueName\":\"search_term_string\"}}],\"inLanguage\":\"fr-FR\"}]}<\/script>\n<!-- \/ Yoast SEO plugin. -->","yoast_head_json":{"title":"Que faire en cas d'urgence? - CAMUS 67","robots":{"index":"index","follow":"follow","max-snippet":"max-snippet:-1","max-image-preview":"max-image-preview:large","max-video-preview":"max-video-preview:-1"},"canonical":"http:\/\/www.camus67.fr\/site\/urgences\/","og_locale":"fr_FR","og_type":"article","og_title":"Que faire en cas d'urgence? - CAMUS 67","og_description":"En cas d&rsquo;urgence, il est possible de contacter: SAMU : 24h\/24h &#8211; 7j\/7 Service d&rsquo;Aide M\u00e9dicale Urgente &#8211; Composer le : 15 (Ils se d\u00e9placent) URGENCES PSYCHIATRIQUES : 24h\/24h, 7j\/7, sans rendez-vous H\u00f4pital Civil de Strasbourg &#8211;B\u00e2timent de psychiatrie T\u00e9l&hellip; Continuer la lecture &rarr;","og_url":"http:\/\/www.camus67.fr\/site\/urgences\/","og_site_name":"CAMUS 67","article_modified_time":"2024-01-06T11:15:39+00:00","twitter_card":"summary_large_image","schema":{"@context":"https:\/\/schema.org","@graph":[{"@type":"WebPage","@id":"http:\/\/www.camus67.fr\/site\/urgences\/","url":"http:\/\/www.camus67.fr\/site\/urgences\/","name":"Que faire en cas d'urgence? - CAMUS 67","isPartOf":{"@id":"http:\/\/www.camus67.fr\/site\/#website"},"datePublished":"2016-10-15T18:37:29+00:00","dateModified":"2024-01-06T11:15:39+00:00","breadcrumb":{"@id":"http:\/\/www.camus67.fr\/site\/urgences\/#breadcrumb"},"inLanguage":"fr-FR","potentialAction":[{"@type":"ReadAction","target":["http:\/\/www.camus67.fr\/site\/urgences\/"]}]},{"@type":"BreadcrumbList","@id":"http:\/\/www.camus67.fr\/site\/urgences\/#breadcrumb","itemListElement":[{"@type":"ListItem","position":1,"name":"Accueil","item":"http:\/\/www.camus67.fr\/site\/"},{"@type":"ListItem","position":2,"name":"Que faire en cas d&rsquo;urgence?"}]},{"@type":"WebSite","@id":"http:\/\/www.camus67.fr\/site\/#website","url":"http:\/\/www.camus67.fr\/site\/","name":"CAMUS 67","description":"Centre d&#039;Accueil M\u00e9dico-psychologique Universitaire de Strasbourg","potentialAction":[{"@type":"SearchAction","target":{"@type":"EntryPoint","urlTemplate":"http:\/\/www.camus67.fr\/site\/?s={search_term_string}"},"query-input":{"@type":"PropertyValueSpecification","valueRequired":true,"valueName":"search_term_string"}}],"inLanguage":"fr-FR"}]}},"_links":{"self":[{"href":"http:\/\/www.camus67.fr\/site\/wp-json\/wp\/v2\/pages\/64","targetHints":{"allow":["GET"]}}],"collection":[{"href":"http:\/\/www.camus67.fr\/site\/wp-json\/wp\/v2\/pages"}],"about":[{"href":"http:\/\/www.camus67.fr\/site\/wp-json\/wp\/v2\/types\/page"}],"author":[{"embeddable":true,"href":"http:\/\/www.camus67.fr\/site\/wp-json\/wp\/v2\/users\/1"}],"replies":[{"embeddable":true,"href":"http:\/\/www.camus67.fr\/site\/wp-json\/wp\/v2\/comments?post=64"}],"version-history":[{"count":10,"href":"http:\/\/www.camus67.fr\/site\/wp-json\/wp\/v2\/pages\/64\/revisions"}],"predecessor-version":[{"id":660,"href":"http:\/\/www.camus67.fr\/site\/wp-json\/wp\/v2\/pages\/64\/revisions\/660"}],"wp:attachment":[{"href":"http:\/\/www.camus67.fr\/site\/wp-json\/wp\/v2\/media?parent=64"}],"curies":[{"name":"wp","href":"https:\/\/api.w.org\/{rel}","templated":true}]}}